[INFO] cloning repository https://github.com/shtirlic/amqp-tester
[INFO] running `Command { std: "git" "-c" "credential.helper=" "-c" "credential.helper=/workspace/cargo-home/bin/git-credential-null" "clone" "--bare" "https://github.com/shtirlic/amqp-tester" "/workspace/cache/git-repos/https%3A%2F%2Fgithub.com%2Fshtirlic%2Famqp-tester", kill_on_drop: false }`
[INFO] [stderr] Cloning into bare repository '/workspace/cache/git-repos/https%3A%2F%2Fgithub.com%2Fshtirlic%2Famqp-tester'...
[INFO] running `Command { std: "git" "rev-parse" "HEAD", kill_on_drop: false }`
[INFO] [stdout] 0bd59bcf4e9ece285fdcbf39484f04eff2c7c17c
[INFO] checking shtirlic/amqp-tester against master#af3c6e733a40e671550e0f0f5aeecaa13772ba56 for pr-74989
[INFO] running `Command { std: "git" "clone" "/workspace/cache/git-repos/https%3A%2F%2Fgithub.com%2Fshtirlic%2Famqp-tester" "/workspace/builds/worker-6/source", kill_on_drop: false }`
[INFO] [stderr] Cloning into '/workspace/builds/worker-6/source'...
[INFO] [stderr] done.
[INFO] validating manifest of git repo https://github.com/shtirlic/amqp-tester on toolchain af3c6e733a40e671550e0f0f5aeecaa13772ba56
[INFO] running `Command { std: "/workspace/cargo-home/bin/cargo" "+af3c6e733a40e671550e0f0f5aeecaa13772ba56" "read-manifest" "--manifest-path" "Cargo.toml", kill_on_drop: false }`
[INFO] started tweaking git repo https://github.com/shtirlic/amqp-tester
[INFO] finished tweaking git repo https://github.com/shtirlic/amqp-tester
[INFO] tweaked toml for git repo https://github.com/shtirlic/amqp-tester written to /workspace/builds/worker-6/source/Cargo.toml
[INFO] crate git repo https://github.com/shtirlic/amqp-tester already has a lockfile, it will not be regenerated
[INFO] running `Command { std: "/workspace/cargo-home/bin/cargo" "+af3c6e733a40e671550e0f0f5aeecaa13772ba56" "fetch" "--locked" "--manifest-path" "Cargo.toml", kill_on_drop: false }`
[INFO] [stderr]     Blocking waiting for file lock on package cache
[INFO] [stderr] error: the lock file /workspace/builds/worker-6/source/Cargo.lock needs to be updated but --locked was passed to prevent this
[INFO] [stderr] If you want to try to generate the lock file without accessing the network, use the --offline flag.
[INFO] the lockfile is outdated, regenerating it
[INFO] running `Command { std: "/workspace/cargo-home/bin/cargo" "+af3c6e733a40e671550e0f0f5aeecaa13772ba56" "generate-lockfile" "--manifest-path" "Cargo.toml" "-Zno-index-update", kill_on_drop: false }`
[INFO] running `Command { std: "/workspace/cargo-home/bin/cargo" "+af3c6e733a40e671550e0f0f5aeecaa13772ba56" "fetch" "--locked" "--manifest-path" "Cargo.toml", kill_on_drop: false }`
[INFO] running `Command { std: "docker" "create" "-v" "/var/lib/crater-agent-workspace/builds/worker-6/target:/opt/rustwide/target:rw,Z" "-v" "/var/lib/crater-agent-workspace/builds/worker-6/source:/opt/rustwide/workdir:ro,Z" "-v" "/var/lib/crater-agent-workspace/cargo-home:/opt/rustwide/cargo-home:ro,Z" "-v" "/var/lib/crater-agent-workspace/rustup-home:/opt/rustwide/rustup-home:ro,Z" "-e" "SOURCE_DIR=/opt/rustwide/workdir" "-e" "CARGO_TARGET_DIR=/opt/rustwide/target" "-e" "CARGO_HOME=/opt/rustwide/cargo-home" "-e" "RUSTUP_HOME=/opt/rustwide/rustup-home" "-w" "/opt/rustwide/workdir" "-m" "1610612736" "--user" "0:0" "--network" "none" "rustops/crates-build-env@sha256:d92eaeed33fa75130ca1ee6c8a01d1ffb62bac859dfdfb3450e3e5d1c0146529" "/opt/rustwide/cargo-home/bin/cargo" "+af3c6e733a40e671550e0f0f5aeecaa13772ba56" "metadata" "--no-deps" "--format-version=1", kill_on_drop: false }`
[INFO] [stdout] d5004fe57e5fa93c6ea7a7219409fae0edfe34750a03ca05f4f74bc4853854f2
[INFO] [stderr] WARNING: Your kernel does not support swap limit capabilities or the cgroup is not mounted. Memory limited without swap.
[INFO] running `Command { std: "docker" "start" "-a" "d5004fe57e5fa93c6ea7a7219409fae0edfe34750a03ca05f4f74bc4853854f2", kill_on_drop: false }`
[INFO] running `Command { std: "docker" "inspect" "d5004fe57e5fa93c6ea7a7219409fae0edfe34750a03ca05f4f74bc4853854f2", kill_on_drop: false }`
[INFO] running `Command { std: "docker" "rm" "-f" "d5004fe57e5fa93c6ea7a7219409fae0edfe34750a03ca05f4f74bc4853854f2", kill_on_drop: false }`
[INFO] [stdout] d5004fe57e5fa93c6ea7a7219409fae0edfe34750a03ca05f4f74bc4853854f2
[INFO] running `Command { std: "docker" "create" "-v" "/var/lib/crater-agent-workspace/builds/worker-6/target:/opt/rustwide/target:rw,Z" "-v" "/var/lib/crater-agent-workspace/builds/worker-6/source:/opt/rustwide/workdir:ro,Z" "-v" "/var/lib/crater-agent-workspace/cargo-home:/opt/rustwide/cargo-home:ro,Z" "-v" "/var/lib/crater-agent-workspace/rustup-home:/opt/rustwide/rustup-home:ro,Z" "-e" "SOURCE_DIR=/opt/rustwide/workdir" "-e" "CARGO_TARGET_DIR=/opt/rustwide/target" "-e" "CARGO_INCREMENTAL=0" "-e" "RUST_BACKTRACE=full" "-e" "RUSTFLAGS=--cap-lints=forbid" "-e" "CARGO_HOME=/opt/rustwide/cargo-home" "-e" "RUSTUP_HOME=/opt/rustwide/rustup-home" "-w" "/opt/rustwide/workdir" "-m" "1610612736" "--user" "0:0" "--network" "none" "rustops/crates-build-env@sha256:d92eaeed33fa75130ca1ee6c8a01d1ffb62bac859dfdfb3450e3e5d1c0146529" "/opt/rustwide/cargo-home/bin/cargo" "+af3c6e733a40e671550e0f0f5aeecaa13772ba56" "check" "--frozen" "--all" "--all-targets" "--message-format=json", kill_on_drop: false }`
[INFO] [stdout] 2a7e32f4b10b8da485c66eec346881496fa2728805197fe42b76352ef051cd19
[INFO] [stderr] WARNING: Your kernel does not support swap limit capabilities or the cgroup is not mounted. Memory limited without swap.
[INFO] running `Command { std: "docker" "start" "-a" "2a7e32f4b10b8da485c66eec346881496fa2728805197fe42b76352ef051cd19", kill_on_drop: false }`
[INFO] [stderr]     Checking cfg-if v0.1.10
[INFO] [stderr]    Compiling log v0.4.11
[INFO] [stderr]     Checking gimli v0.22.0
[INFO] [stderr]     Checking object v0.20.0
[INFO] [stderr]     Checking utf8-ranges v0.1.3
[INFO] [stderr]     Checking matches v0.1.8
[INFO] [stderr]     Checking lazy_static v1.4.0
[INFO] [stderr]     Checking regex-syntax v0.6.18
[INFO] [stderr]     Checking termcolor v1.1.0
[INFO] [stderr]    Compiling kernel32-sys v0.2.2
[INFO] [stderr]    Compiling miniz_oxide v0.4.2
[INFO] [stderr]     Checking humantime v1.3.0
[INFO] [stderr]     Checking memchr v0.1.11
[INFO] [stderr]     Checking aho-corasick v0.7.13
[INFO] [stderr]     Checking unicode-bidi v0.3.4
[INFO] [stderr]     Checking aho-corasick v0.5.3
[INFO] [stderr]     Checking thread_local v1.0.1
[INFO] [stderr]     Checking thread-id v2.0.0
[INFO] [stderr]     Checking idna v0.1.5
[INFO] [stderr]     Checking thread_local v0.2.7
[INFO] [stderr]     Checking log v0.3.9
[INFO] [stderr]     Checking regex v0.1.80
[INFO] [stderr]     Checking url v1.7.2
[INFO] [stderr]     Checking env_logger v0.3.5
[INFO] [stderr]     Checking regex v1.3.9
[INFO] [stderr]     Checking addr2line v0.13.0
[INFO] [stderr]     Checking backtrace v0.3.50
[INFO] [stderr]     Checking env_logger v0.7.1
[INFO] [stderr]     Checking error-chain v0.10.0
[INFO] [stderr]     Checking amq-proto v0.1.0
[INFO] [stderr]     Checking amqp v0.1.3
[INFO] [stderr]     Checking amqp-tester v0.1.0 (/opt/rustwide/workdir)
[INFO] [stdout] error[E0432]: unresolved import `amqp::ConsumerCallBackFn`
[INFO] [stdout]  --> src/main.rs:5:54
[INFO] [stdout]   |
[INFO] [stdout] 5 | use amqp::{Session, Table, Basic, protocol, Channel, ConsumerCallBackFn};
[INFO] [stdout]   |                                                      ^^^^^^^^^^^^^^^^^^ no `ConsumerCallBackFn` in the root
[INFO] [stdout] 
[INFO] [stdout] 
[INFO] [stdout] error[E0432]: unresolved import `amqp::ConsumerCallBackFn`
[INFO] [stdout]  --> src/main.rs:5:54
[INFO] [stdout]   |
[INFO] [stdout] 5 | use amqp::{Session, Table, Basic, protocol, Channel, ConsumerCallBackFn};
[INFO] [stdout]   |                                                      ^^^^^^^^^^^^^^^^^^ no `ConsumerCallBackFn` in the root
[INFO] [stdout] 
[INFO] [stdout] 
[INFO] [stdout] error[E0599]: no method named `unwrap` found for unit type `()` in the current scope
[INFO] [stdout]   --> src/main.rs:37:24
[INFO] [stdout]    |
[INFO] [stdout] 37 |     env_logger::init().unwrap();
[INFO] [stdout]    |                        ^^^^^^ method not found in `()`
[INFO] [stdout] 
[INFO] [stdout] 
[INFO] [stdout] error[E0599]: no method named `unwrap` found for unit type `()` in the current scope
[INFO] [stdout]   --> src/main.rs:37:24
[INFO] [stdout]    |
[INFO] [stdout] 37 |     env_logger::init().unwrap();
[INFO] [stdout]    |                        ^^^^^^ method not found in `()`
[INFO] [stdout] 
[INFO] [stdout] 
[INFO] [stdout] error[E0308]: mismatched types
[INFO] [stdout]   --> src/main.rs:55:102
[INFO] [stdout]    |
[INFO] [stdout] 55 | ..._function  as ConsumerCallBackFn, &queue_name, "", false, false, false, false, Table::new());
[INFO] [stdout]    |                                                   ^^ expected struct `String`, found `str`
[INFO] [stdout]    |
[INFO] [stdout]    = note: expected reference `&String`
[INFO] [stdout]               found reference `&'static str`
[INFO] [stdout] 
[INFO] [stdout] 
[INFO] [stdout] error: aborting due to 3 previous errors
[INFO] [stdout] 
[INFO] [stdout] 
[INFO] [stdout] Some errors have detailed explanations: E0308, E0432, E0599.
[INFO] [stdout] 
[INFO] [stdout] For more information about an error, try `rustc --explain E0308`.
[INFO] [stdout] 
[INFO] [stderr] error: could not compile `amqp-tester`.
[INFO] [stderr] 
[INFO] [stderr] To learn more, run the command again with --verbose.
[INFO] [stderr] warning: build failed, waiting for other jobs to finish...
[INFO] [stdout] error[E0308]: mismatched types
[INFO] [stdout]   --> src/main.rs:55:102
[INFO] [stdout]    |
[INFO] [stdout] 55 | ..._function  as ConsumerCallBackFn, &queue_name, "", false, false, false, false, Table::new());
[INFO] [stdout]    |                                                   ^^ expected struct `String`, found `str`
[INFO] [stdout]    |
[INFO] [stdout]    = note: expected reference `&String`
[INFO] [stdout]               found reference `&'static str`
[INFO] [stdout] 
[INFO] [stdout] 
[INFO] [stdout] error: aborting due to 3 previous errors
[INFO] [stdout] 
[INFO] [stdout] 
[INFO] [stdout] Some errors have detailed explanations: E0308, E0432, E0599.
[INFO] [stdout] 
[INFO] [stdout] For more information about an error, try `rustc --explain E0308`.
[INFO] [stdout] 
[INFO] [stderr] error: build failed
[INFO] running `Command { std: "docker" "inspect" "2a7e32f4b10b8da485c66eec346881496fa2728805197fe42b76352ef051cd19", kill_on_drop: false }`
[INFO] running `Command { std: "docker" "rm" "-f" "2a7e32f4b10b8da485c66eec346881496fa2728805197fe42b76352ef051cd19", kill_on_drop: false }`
[INFO] [stdout] 2a7e32f4b10b8da485c66eec346881496fa2728805197fe42b76352ef051cd19
